 Is j a composite number?
False
Let x be 60*(17/(-2))/((-6)/(-12)). Let t = x - -4039. Is t a prime number?
True
Let c(t) be the first derivative of t**3 - 2*t**2 + t + 25. Let d be (-4)/8*16/(-1). Is c(d) prime?
False
Let j(s) = s**3 + 6*s**2 - 19*s + 7. Is j(-6) composite?
True
Suppose 2*t + 4*x - 22 = 32, 0 = -5*t + 5*x + 150. Let i = t + -24. Suppose 159 = k + 2*y - 128, 0 = -i*k + 5*y + 1435. Is k a composite number?
True
Suppose -5 = -m - 1. Suppose -261 = -m*v + 375. Is v composite?
True
Let m(h) = 32*h**2 - h - 32. Let t be m(11). Suppose -5*v + 4*k + 6387 = 0, 2*v + v - t = 4*k. Is v a prime number?
True
Suppose 4*c - 297 = -2373. Let t = -226 - c. Is t a prime number?
True
Suppose 3*f = -f + 20. Suppose 0 = -f*d + 8 + 7. Suppose 3*g = -4*h + 307, g = d*h - 6*h + 109. Is g a composite number?
False
Suppose n - 2 = -b, 2*b + 3*n + 6 = b. Suppose b*c - 34 = 5*c. Is c a prime number?
False
Suppose -5*h + 34 = 3*b, -2*h - 22 = -7*h + b. Suppose 2*v - h*v = 0. Let d(i) = i**2 + 33. Is d(v) composite?
True
Let f = -19 + 21. Let k be f + (-3915)/(-3) + -4. Let l = -740 + k. Is l composite?
False
Suppose 0*l - 2568 = -l. Suppose 5*m - 4237 = l. Is m a composite number?
False
Let i be (3 - (-1 - -3)) + 0. Let p(z) = -2*z**2 + 1. Let o be p(i). Is (o/2)/(2/(-388)) a prime number?
True
Let t be (-47)/3 + 7/(-21). Let b = -14 - t. Is 763/14 - 3/b composite?
False
Let y(w) = -w**2 - w + 907. Suppose 0 = -5*q + q. Is y(q) a prime number?
True
Let w(l) = 13*l - 4. Let a be 3/((4/2)/(14 + -4)). Is w(a) prime?
True
Let o(s) = 9*s**2 + 13*s - 257. Is o(21) a prime number?
False
Let g(h) = 2*h**3 - 15*h**2 + 21*h + 55. Is g(14) prime?
True
Suppose 2*z - 12 = -2*z. Let n be z + (-3)/(-2)*-2. Suppose 0 = a - n*a - 121. Is a composite?
True
Suppose 4*s = 5*g - 25, 10 = -s - 2*s + 2*g. Is (3 - ((s - 4) + -6031))/2 a prime number?
True
Let y be -2 - -5 - 420/(-2) - 2. Suppose -4*v + 496 + 576 = 0. Let g = y + v. Is g prime?
True
Let d = 8 + -4. Let i(x) = 26*x - 1. Let r be i(d). Let l = r - -12. Is l a prime number?
False
Let s be 10*3/12*(-4)/(-2). Suppose -s*p + 947 = -2768. Is p composite?
False
Let f be (-2)/((-8)/2)*-4. Is (-2 - 8/f) + 261 prime?
True
Let i(s) = -3 - 8*s**2 - s**3 + 5*s**3 + 3*s - 3*s**3. Let b be i(8). Suppose 0 = -u + 110 - b. Is u a composite number?
False
Let u = -73 + 77. Let q be (1 + -1)*(5 + -4). Suppose q = -u*a + a + 1623. Is a composite?
False
Let r = -56 + 57. Let l(a) = 955*a**3 + a**2 - a. Is l(r) prime?
False
Let h be (-12)/18 + 4762/6. Let w = h - 428. Is w composite?
True
Let w(z) = 832*z**3 + z**2 + 40*z - 124. Is w(3) composite?
False
Suppose 17 + 7 = 6*r. Is (6 - r)*((-454)/(-4) + -2) a prime number?
True
Let q be -7*(-2 - (-80)/28). Let x = q + 8. Suppose -x*w + 174 = w. Is w composite?
True
Let j(t) = -194*t - 12. Let g be j(6). Let f = -332 - g. Suppose -3*r = r - f. Is r a composite number?
False
Let p = -4871 + 6970. Is p a composite number?
False
Let a = 53485 + -29596. Is a a prime number?
False
Is ((-3790)/6)/(48/(-144)) a composite number?
True
Let m be (-228)/(-14) + 14/(-49). Let t = -3 + m. Is t a composite number?
False
Let l = 3 - -3. Let r be (2/l)/((-2)/(-1542)). Let f = r + -108. Is f a composite number?
False
Suppose c = -c + 28. Let g be 4/c + 32069/(-7). Is g/(-36) + 2/(-8) prime?
True
Is (2 - -2328) + (-4)/((-16)/12) a composite number?
False
Let q = -1 - -8. Let u(g) = 126*g - 5. Is u(q) prime?
True
Let a(m) = -m**2 - 15*m + 2. Let t be a(-15). Is 2 + 375/6*t composite?
False
Let t(s) be the third derivative of -19*s**5/60 - 7*s**4/6 + 25*s**3/6 + 3*s**2. Let u(k) = 6*k**2 + 9*k - 8. Let b(q) = 2*t(q) + 7*u(q). Is b(4) prime?
False
Suppose -2*x = -2*j - 2*j + 10, -35 = -5*x - 2*j. Suppose -x*p = 528 - 3163. Is p prime?
False
Is 2091305/129 + 1/(-3)*-4 prime?
False
Suppose -4*u = 4, -5*t - 4*u + 22246 = -47675. Is t prime?
False
Suppose -2*s - 19056 = 5*g - 350711, -3*g - 3*s + 199002 = 0. Is g a composite number?
True
Suppose -7729 = -3*p - t + 2573, 0 = 2*t - 6. Is p prime?
True
Is 1465*(-1)/(2 - (-3)/(-1)) prime?
False
Let a = 4014 - 8268. Let c = a + 6757. Is c a prime number?
True
Let z(f) = -f - 181. Let t be z(0). Let l(p) = 4*p - 190. Let r be l(-28). Let b = t - r. Is b composite?
True
Let x = -332 - -6109. Is x composite?
True
Let m(i) = -145*i - 60. Is m(-11) a composite number?
True
Let x be 28/126 - 7052/(-18). Suppose -x - 482 = 2*h - 4*y, h = 4*y - 443. Let l = 738 + h. Is l composite?
False
Let q be -4*(-1 + (-18)/8). Suppose 32 = 2*m - 5*x - q, -2*x = -5*m + 165. Is m a composite number?
True
Suppose -4*k + 4*f - 3972 = 0, -k - k - 2*f - 1982 = 0. Let u be ((-11)/22)/((-2)/k). Let i = u - -457. Is i prime?
False
Suppose -10*q + 13*q - s - 3314 = 0, -5*s = -4*q + 4437. Is q composite?
False
Suppose -13*a + 2*q + 97008 = -9*a, -4*q - 48510 = -2*a. Is a composite?
False
Suppose 7*y + 15 = 1. Is (1249/y)/(22/(-44)) composite?
False
Suppose -5*h + 2*h = 108. Let z be (-2)/((-16)/h)*78. Is 4/(-6)*z/6 prime?
False
Suppose 3*s = -4*q + 107, -q - 31 = -3*s + 2*s. Suppose s*f = 37*f - 1912. Suppose -2*r - 2*b + 235 = b, -4*r + 2*b + f = 0. Is r a composite number?
True
Suppose -5*i + 20 = -5*j, 5*i + j - 1 + 5 = 0. Suppose i = 4*r - 4 - 0. Is -2*((-993)/6 + r) prime?
False
Suppose o - 188 = -o. Let d = 19 - 16. Is o - -3 - d*1 prime?
False
Suppose -o - 2*u + 0*u = 2, -2*u - 26 = 4*o. Let a(g) = 2 + 10 + 10*g**2 - 4 - 9*g + 9 + g**3. Is a(o) a composite number?
True
Let k(d) = 3*d**2 - 16*d - 13. Let j(o) = -8*o**2 + 47*o + 39. Let t(q) = -4*j(q) - 11*k(q). Is t(-9) a composite number?
True
Let d = -40 + 45. Suppose d*s - 307 = 4*s. Is s composite?
False
Let w(x) = -x**2 + 9*x + 20. Let i be w(11). Is 737 - (i - (-2)/1) a prime number?
False
Is 2 - ((-6594)/8)/((-22)/(-88)) composite?
False
Let g = 51911 - -21606. Is g prime?
True
Is 208102/18 + (-52)/234 composite?
True
Let l(h) = 26*h**2 - 22*h - 23. Is l(-8) composite?
True
Suppose -4*z = -71160 + 14300. Suppose -2*o + o + z = 5*u, -4*o = 0. Is u a prime number?
True
Suppose 2*m - 74648 = 2*q, 4*m + 4*q + q - 149269 = 0. Is m prime?
True
Suppose 0*f = -3*f + 120. Let j be ((-22)/4 - -4)*-2. Suppose -92 = -4*g + 3*m, j*g = 5*m + 29 + f. Is g a composite number?
False
Suppose -2*u - u + 2*f = -13266, -4*f - 8836 = -2*u. Suppose 3*q + u = 4*y, 0*q = -2*y + 2*q + 2214. Is y composite?
False
Let u(y) = 17*y + 19. Let s(m) = 8*m + 9. Let j(n) = -9*s(n) + 4*u(n). Is j(-3) a prime number?
True
Suppose c + 6 = -2*x - 5, 43 = -3*c + 4*x. Is (1 + 0)/(c/(-14599)) a prime number?
True
Let t = 10 + -1. Suppose -t + 3 = -3*o. Suppose -2*y = 8, -o*y = 5*x - 0*y - 362. Is x prime?
False
Let l = 79 - 76. Suppose -2*g = -l*v + 2509, 2172 = 5*v + g - 2001. Is v a prime number?
False
Suppose 2*c + 4*r - 11205 = -3*c, r = -c + 2240. Is c composite?
True
Let f = -22 - -5. Let a(q) = -4*q + 2. Let l be a(f). Suppose -l = -w + 13. Is w a composite number?
False
Let o = 753 + 3579. Suppose 6*p - 9*p = -o. Let k = p - 865. Is k a composite number?
True
Suppose -5*i + 15 = -2*i. Is 5/i - 1*-418 a composite number?
False
Let b(k) = 83*k - 2. Let h be b(-4). Let w = 219 + h. Let v = 278 + w. Is v a prime number?
True
Let n(p) = -p - 12. Let l be 2/(-10) - 432/40. Let y be n(l). Is (3 + y + -1)*141 prime?
False
Let s(d) = 5*d**3 - 7*d**2 - 4*d + 17. Let q(n) = 2*n - 11. Let w be q(9). Is s(w) a composite number?
False
Suppose -12*v = -169 - 131. Let z = 622 + v. Is z prime?
True
Let m = -748 - -491. Is m/2*(1 - 3) prime?
True
Suppose 19246 = -5*y + 49401. Is y composite?
True
Let o(z) = 46220*z**3 + z**2 + 4*z - 6. Is o(1) composite?
False
Suppose -5*v + v + 24 = 0. Let r(f) = 15*f**2 - 4*f + 3. Is r(v) prime?
False
Let w(o) = 2*o**2 - 2*o - 35. Let d be (-1)/(-6)*82 + (-12)/(-36). Is w(d) prime?
False
Let j = 16043 + 12556. Is j composite?
True
Suppose -5*h + 50 = 8*j - 3*j, 3*j - 20 = -2*h. Suppose 9*r = h*r - 59. Is r composite?
False
Suppose -23*i - 18*i = -125501. Is i composite?
False
Let f(g) = 30283*g**2 - 5*g - 9. Is f(-2) prime?
False
Suppose -2*w + 3*s - 16 = 4, 3*w + s = -8. Is (21156/20)/3 - w/10 a prime number?
True
Let u(c) = 9*c**2 + 2*c - 44. Is u(-13) prime?
True
Let g = 22 - 10. Is 4/g - 2800/(-15) composite?
True
Suppose -3*c + c - 30 = 0. Le